t f = z + -24. Let l(s) = -5*s. Determine l(f).
-15
Suppose 6*m + 8 = 4*m. Let c(t) = t**3 + 3*t**2 - 5*t - 2. Calculate c(m).
2
Suppose 4*k - 5 + 1 = 0. Suppose -2*t = -10 + 2. Suppose v - k = t. Let l(m) = -m**3 + 6*m**2 - 6*m. Determine l(v).
-5
Let a = 12 + -8. Suppose 0 = 2*r + 6 + a. Let c(d) = -2 + d**2 + d - 2 + 5*d + 1. Calculate c(r).
-8
Suppose 2*k = 6*k + 4. Let s(d) = -d. Let a(r) = 3*r + 1. Let y(n) = n**2 - n - 5. Let q be y(0). Let z(w) = k*a(w) + q*s(w). What is z(3)?
5
Let b(l) be the first derivative of -l**6/360 + l**4/12 + l**3/3 - 1. Let m(r) be the third derivative of b(r). Determine m(2).
-2
Let z(j) = 5*j - 1 - 92*j**3 + 91*j**3 + 3*j**2 + 0*j. What is z(4)?
3
Let u(x) be the third derivative of -x**4/24 - x**3/6 + x**2. Let y = -4 + 4. Suppose 0 = -4*j - y + 8. What is u(j)?
-3
Let i(m) = -2*m**2 + 14*m + 4. Let s(d) = d**2 - 7*d - 2. Let a(b) = -3*i(b) - 5*s(b). What is a(6)?
-8
Let h(s) = s**2 - 6*s + 1. Suppose 0 = -3*k + 2*x + 1 + 30, -4*x = 8. Suppose 24 - k = 3*i. What is h(i)?
-4
Let v = -1 + 6. Let c(i) = -i**2 + 1. Let p(l) = -2*l**2 - l + 2. Let o(z) = 9*c(z) - 4*p(z). What is o(v)?
-4
Let g(i) = 2*i - 3. Let x(k) = -k**2 - 5*k + 3. Let z be x(-5). Let y be g(z). Let j(t) = 2*t - 4 - y*t + 5*t**2 + t**3 - 4*t**2. Give j(0).
-4
Let k(x) = x**2 + 3*x - 5. Suppose 0*y + y - 2 = 0. Suppose 0 = 4*v + 2*c + 24, 3*v - y*c + 3*c + 16 = 0. Calculate k(v).
-1
Let d(t) = 7*t + 4. Suppose 10 = 3*a - 8*a - q, -q + 14 = -3*a. Determine d(a).
-17
Let p = -5 + 11. Let g(c) = c**3 - 5*c**2 - 5*c + 2. Give g(p).
8
Let x(t) = t. Let d(g) = -10*g**3 + g**2 + 4*g - 1. Let k(s) = d(s) - 4*x(s). Calculate k(1).
-10
Let a(u) = u + 4. Let m(s) = -s**2 - s + 1. Let p(v) = 4*v**2 + 5*v - 5. Let i(c) = 5*m(c) + p(c). Let w be (-12)/54 + (-4)/(-18). Let h be i(w). Give a(h).
4
Let v(z) be the first derivative of -2*z**2 - 2*z - 37. Give v(3).
-14
Let l(g) = -g**3 + g**2 - g + 1. Suppose -p + 3*p - 12 = 3*d, -4*d - p = 27. Let t(h) = -5*h**3 - h**2 - h + 4. Let i(w) = d*l(w) + t(w). Give i(6).
-8
Let k(g) = -g**3 + 7*g**2 - 6*g - 8. Suppose 40 = 5*d + 5*z, -d + 4*z = -3 + 5. Let p be k(d). Let c = p - -5. Let b(y) = y**3 + 2*y**2 - y - 1. Determine b(c).
-7
Suppose 0 = 4*s - 5*s + 2. Let i(k) be the second derivative of -k**5/120 + k**3/6 - k. Let l(h) be the second derivative of i(h). Calculate l(s).
-2
Let y(r) = -r + 7. Suppose g - 7 = -2*o + 5, 2*g = -5*o + 31. Let l = -5 + o. Suppose -l*p = 3*p. Determine y(p).
7
Let t(b) = b**2 - 4*b - 4. Suppose 3*x = h - 4*h + 9, 3*x = -h + 7. Suppose q + 3 = 2*r, 5*q + 4*r = x*r + 33. Determine t(q).
1
Let a(o) = -o - 2. Let y be 3 - (0 + 3 + 0). Calculate a(y).
-2
Let v(r) = 2*r**3 + 10*r**2 - 12*r + 21. Let o(d) = d**3 + 5*d**2 - 6*d + 10. Let f(a) = 5*o(a) - 2*v(a). Determine f(-6).
8
Suppose 5*g + 48 = 3*x + 16, 0 = 3*x + 2*g - 4. Let u be (10 + -9)/(2 - 3). Let k be u*4 - (x - 5). Let p(n) = -n**3 - 4*n**2 - n - 4. Give p(k).
-10
Let y = -18 + 24. Let v(j) be the third derivative of -j**6/120 + j**5/12 + 5*j**4/24 + j**3/3 - j**2. Calculate v(y).
-4
Let c = 9 - 15. Let h(j) = -3*j**2 + 4*j + 1. Let f(l) = 8*l**2 - 12*l - 2. Let n(p) = -4*f(p) - 11*h(p). What is n(c)?
9
Let f(x) = x**3 - 6*x**2 - 3*x + 9. Let d be f(6). Let b(u) = -u**3 + 2*u**2 - 2. Let g(a) = -3*a**3 + 9*a**2 - 9. Let p(k) = d*b(k) + 2*g(k). What is p(-1)?
-3
Let x(u) = -3 - 7*u + 4 - u. What is x(1)?
-7
Let v(w) = 4*w**2 + 2*w - 4. Let a(f) = f - 11*f**2 + 8 + 4 - 6*f. Let x(j) = -3*a(j) - 8*v(j). Give x(4).
8
Suppose -2 + 10 = 4*s. Let p = 3 - s. Let v(t) = -t**3 + t**2 - t + 1. Let a(y) = 10*y**3 - 6*y**2 + 6*y - 6. Let c(w) = a(w) + 5*v(w). What is c(p)?
4
Suppose 4*v + 5 = 9. Let x(w) = -1 + 0 + v + 7*w. Give x(-1).
-7
Let x(y) = 4 + 5 - 15 - 4*y + 7. Give x(2).
-7
Suppose -v - 3*r - 4 = 0, -2*v + 10 + 3 = -r. Let f(m) = m**2. Let u be f(2). Let x(o) = -2*o**2 - u*o + 4*o**2 - o**2 - 5. Give x(v).
0
Let w(l) = l + 2. Suppose 2*d + 3*s = 0, -3*s - 14 = -2. What is w(d)?
8
Let u(a) = -2*a + 1. Let l be u(3). Let b(c) = -c**2. Suppose 2 = 3*i - 1. Let h(j) = 2*j**2 - 4*j + 6. Let g(o) = i*h(o) + 3*b(o). Determine g(l).
1
Let i = 21 - 14. Let l(w) = -4*w - 6. Let y(h) = 9*h + 12. Let o(s) = -13*l(s) - 6*y(s). Determine o(i).
-8
Suppose -4*i + 10 = -5*c, -4*c - i - 35 + 6 = 0. Let m(g) = -2*g - 5. What is m(c)?
7
Let k(j) = -2 + 3 - j + 3 - 2*j. Give k(5).
-11
Let s = -36 + 31. Let q(u) = -u**2 - 5*u - 1. Calculate q(s).
-1
Let f(u) be the second derivative of -u**5/10 - u**4/12 + u**3/6 + u**2/2 - 26*u. Give f(-2).
11
Let r be (-4 + -2 + 18)*3/12. Let z(i) be the first derivative of -1/3*i**r - i - 2 + 9/4*i**4 + 1/2*i**2. Give z(1).
8
Let n(m) be the first derivative of m**4/4 - m**3/3 + 6*m - 36. What is n(0)?
6
Let x be (5/2 + 0)*-2. Let p(z) be the first derivative of z**5/60 + z**4/4 + z**3/3 - z**2 + 1. Let h(w) be the second derivative of p(w). What is h(x)?
-3
Let j(x) = -x**2 + x - 5. Let f = -11 - -11. Give j(f).
-5
Suppose -4*w + 6 = -6. Let x(n) = 4*n - 2*n - w - 3*n - 4. What is x(-4)?
-3
Let c(l) = 10 + 4*l + l**2 - 17 + 0*l**2. Calculate c(-6).
5
Let a(x) = -4*x + 1. Let t(v) = 15*v - 16. Let w(d) = -3*d + 3. Let q(u) = -2*t(u) - 11*w(u). Let i(m) = -4*a(m) - 5*q(m). Calculate i(3).
4
Let h(w) be the third derivative of w**4/8 - 7*w**3/6 + 2*w**2. Let z(i) = 2*i**2 - 2*i + 1. Let s be z(2). Give h(s).
8
Let w(q) = -q**3 + 2*q**2 + 2*q + 1. Let l(c) = -c**3 - 2*c**2 + 2*c + 3. Let m be l(-2). What is w(m)?
2
Let v(u) = -6*u**2 - 4. Let a(n) = 5*n**2 + 4. Let h(z) = 5*a(z) + 4*v(z). Let k be (4/12*0)/(-2). Calculate h(k).
4
Let b(c) = -5*c - 2. Suppose -1 = -j + 3. Suppose -z + 30 = j*z. Let o(v) = -v. Let r(q) = z*o(q) - b(q). Determine r(2).
0
Let v(r) = r**2 + 5*r. Let n = -16 + 11. What is v(n)?
0
Let k(a) = a**2 + 2*a - 6. Let y(m) = m**2 + 2*m - 7. Let p(r) = -6*k(r) + 5*y(r). Give p(-2).
1
Let i(a) be the second derivative of -a**7/504 + a**6/720 + a**5/120 + a**4/12 - a. Let k(x) be the third derivative of i(x). Determine k(-1).
-5
Let y(n) = n**3 + 2*n**2 + 2*n - 1. Let o = -2 - -2. Suppose o = -4*x + 3*v - 20, -5*v - 4 = 4*x - 16. Determine y(x).
-5
Suppose 0 = v + 3*b + 7, -4*b = 5*v - b + 23. Let z(k) = k**3 + 4*k**2 + 2. Calculate z(v).
2
Suppose -f - 5 = 2*i + 4*f, -2*i + 3*f = -19. Let h be ((-3)/(-2) - 0)*2. Let m(u) = -1 - i + h - 2*u**2 + 3*u. What is m(2)?
-5
Let q(y) = 2*y**3 - 8*y**2 - 5*y + 6. Let v(n) = -n**3 + 4*n**2 + 2*n - 3. Let c(d) = -3*q(d) - 5*v(d). What is c(5)?
-3
Let b be 2/2 + (9 - 1). Let y(r) = -5*r**2 - 2*r + 1. Let t(h) = -11*h**2 - 4*h + 3. Let g(i) = b*y(i) - 4*t(i). Calculate g(-2).
-3
Suppose -2*v + 5*c + 28 = 0, 0 = -2*v - c + 15 + 13. Suppose v = 4*a + 2. Let l(b) = 4 + 4*b - a - 6*b**2 - 3*b. What is l(-1)?
-6
Let w(r) = 2*r**2 + 2*r - 3. Let t = -18 + 21. Determine w(t).
21
Suppose -6*q - 18 = -9*q. Let o(p) = p**2 + p + 1. Let l(v) = 4*v**2 - 5*v + 5. Let h(x) = -l(x) + 3*o(x). Calculate h(q).
10
Let n(t) = -t - 3*t**2 + 0*t**2 - t**3 + 1 + t**2. Suppose 44 = 4*m + c, m = 3*c + 2*c + 32. Suppose -5*w + h + h = m, 4*w + 3*h + 5 = 0. Give n(w).
3
Let a = 0 + 0. Let q(r) be the third derivative of r**5/60 - r**4/24 - r**3/2 + 62*r**2. Determine q(a).
-3
Let t(z) = -14 - 6*z + 8 + 14*z + 9. Let x be (3/((-3)/2))/1. Calculate t(x).
-13
Let p(k) = -1 - 3 + 4*k**3 + 0*k**3 - 3*k**2 - 3*k - 3*k**3. What is p(3)?
-13
Let x(d) = d**2 - 4*d - 4. Let v be (5 + -6)/((-1)/4). Suppose -a + 0 = 5, 0 = -2*z + v*a - 6. Let u = -9 - z. What is x(u)?
-4
Let c(a) = 0*a + 2*a + 2 - 3*a + 5*a. Determine c(-5).
-18
Let i(m) = -m + 23. Let o be i(21). Let d(y) be the first derivative of 1/2*y**o + 1/3*y**3 + 2 - 2*y. Calculate d(0).
-2
Let b(h) be the second derivative of h**5/20 - h**4/6 + h**3/6 - h**2 + 10*h. Give b(3).
10
Let h(p) = 1. Let n(u) = -u + 5. Let b(x) = 4*h(x) - n(x). Let q(z) = z**2 + 1. Let i be q(-1). Suppose -i*m + 12 - 4 = 0. Calculate b(m).
3
Let t be 5 - (4/(-1))/(-4). Let z(q) = -2 + 3*q + 2*q**3 + 2*q**3 + 1 + 4*q**2 - 5*q**3. Calculate z(t).
11
Let g(y) = -2*y**3 + y**2 - 2*y + 1. Let p(w) = w**2 + 2*w - 2. Let l be p(1). Give g(l).
-2
Let h(f) = 2*f + 2*f - f + 32*f**2 - 33*f**2. Determine h(4).
-4
Let d(a) = a**3 - 6*a**2 + 8. Let x be d(6). Let v be 91/